{"id":3240,"date":"2018-07-23T09:29:13","date_gmt":"2018-07-23T14:29:13","guid":{"rendered":"https:\/\/novili.com.co\/blog\/?page_id=3240"},"modified":"2018-07-31T16:48:52","modified_gmt":"2018-07-31T21:48:52","slug":"guia-de-restaurantes-en-barranquilla","status":"publish","type":"page","link":"https:\/\/novili.com.co\/blog\/guia-de-restaurantes-en-barranquilla\/","title":{"rendered":"Gu\u00eda de Restaurantes en Barranquilla"},"content":{"rendered":"<p style=\"font-size: 1.2em; line-height: normal; text-align: center;margin-bottom:50px;\">Los mejores restaurantes del pa\u00eds donde puedes encontrar nuestros vinos est\u00e1n aqu\u00ed \u00a1Rico con vino, mejor con los de Novili!<\/p>\n\n<table id=\"tablepress-3\" class=\"tablepress tablepress-id-3 tablepress-responsive\">\n<thead>\n<tr class=\"row-1\">\n\t<th class=\"column-1\">RESTAURANTE \/ BAR<\/th><th class=\"column-2\">SITIO WEB<\/th><th class=\"column-3\">FACEBOOK<\/th><th class=\"column-4\">INSTAGRAM<\/th>\n<\/tr>\n<\/thead>\n<tbody class=\"row-striping row-hover\">\n<tr class=\"row-2\">\n\t<td class=\"column-1\">BEVGO<\/td><td class=\"column-2\"><a target=\"_blank\" href=\"http:\/\/www.bevgo.com.co\" rel=\"nofollow\">http:\/\/www.bevgo.com.co<\/a><\/td><td class=\"column-3\">Bevgo Tienda de Licores<\/td><td class=\"column-4\">bevgo_licores<\/td>\n<\/tr>\n<tr class=\"row-3\">\n\t<td class=\"column-1\">CRISTIAN LICORES<\/td><td class=\"column-2\"><a target=\"_blank\" href=\"http:\/\/www.cristianlicores.com.co\" rel=\"nofollow\">http:\/\/www.cristianlicores.com.co<\/a><\/td><td class=\"column-3\">cristianlicores<\/td><td class=\"column-4\">cristianlicores<\/td>\n<\/tr>\n<tr class=\"row-4\">\n\t<td class=\"column-1\">CUZCO BARRANQUILLA<\/td><td class=\"column-2\"><a target=\"_blank\" href=\"http:\/\/www.restaurantecuzco.com\" rel=\"nofollow\">http:\/\/www.restaurantecuzco.com<\/a><\/td><td class=\"column-3\">cuzco cocina peruana<\/td><td class=\"column-4\">restaurantecuzco<\/td>\n<\/tr>\n<tr class=\"row-5\">\n\t<td class=\"column-1\">LANGOSTINO<\/td><td class=\"column-2\"><a target=\"_blank\" href=\"http:\/\/www.restaurante.langostino\" rel=\"nofollow\">http:\/\/www.restaurante.langostino<\/a><\/td><td class=\"column-3\">@langostinoSEAFOOD<\/td><td class=\"column-4\">@langostinoSEAFOOD<\/td>\n<\/tr>\n<tr class=\"row-6\">\n\t<td class=\"column-1\">MANCORA<\/td><td class=\"column-2\"><a target=\"_blank\" href=\"http:\/\/www.mancorafusion.com\" rel=\"nofollow\">http:\/\/www.mancorafusion.com<\/a><\/td><td class=\"column-3\">@mancorarf<\/td><td class=\"column-4\">@mancorarf<\/td>\n<\/tr>\n<tr class=\"row-7\">\n\t<td class=\"column-1\">MONTECCHI<\/td><td class=\"column-2\"><a target=\"_blank\" href=\"http:\/\/www.montechi.com\" rel=\"nofollow\">http:\/\/www.montechi.com<\/a><\/td><td class=\"column-3\">@montechi_pizza_y_pastas<\/td><td class=\"column-4\">@montechi_pizza_y_pastas<\/td>\n<\/tr>\n<tr class=\"row-8\">\n\t<td class=\"column-1\">NOA<\/td><td class=\"column-2\"><a target=\"_blank\" href=\"http:\/\/www.noasushi.com\" rel=\"nofollow\">http:\/\/www.noasushi.com<\/a><\/td><td class=\"column-3\">noa sushi &amp; robata<\/td><td class=\"column-4\">noa sushi &amp; robata<\/td>\n<\/tr>\n<tr class=\"row-9\">\n\t<td class=\"column-1\">TRAGOS Y COPAS<\/td><td class=\"column-2\"><a target=\"_blank\" href=\"http:\/\/www.tragos-y-copas-clovi.co\" rel=\"nofollow\">http:\/\/www.tragos-y-copas-clovi.co<\/a><\/td><td class=\"column-3\">tragos y copas<\/td><td class=\"column-4\">tragos y copas<\/td>\n<\/tr>\n<tr class=\"row-10\">\n\t<td class=\"column-1\">MANE COCINA<\/td><td class=\"column-2\"><a target=\"_blank\" href=\"http:\/\/www.manuelrestaurante.com\" rel=\"nofollow\">http:\/\/www.manuelrestaurante.com<\/a><\/td><td class=\"column-3\">manuelresturante<\/td><td class=\"column-4\">@manemendozab<\/td>\n<\/tr>\n<tr class=\"row-11\">\n\t<td class=\"column-1\">PALO DE MANGO<\/td><td class=\"column-2\"><a target=\"_blank\" href=\"http:\/\/www.palodemangorest.com\" rel=\"nofollow\">http:\/\/www.palodemangorest.com<\/a><\/td><td class=\"column-3\">palo de mando<\/td><td class=\"column-4\">@restaurantepalodemango<\/td>\n<\/tr>\n<tr class=\"row-12\">\n\t<td class=\"column-1\">OKRA<\/td><td class=\"column-2\"><a target=\"_blank\" href=\"http:\/\/www.okrarest.com.co\" rel=\"nofollow\">http:\/\/www.okrarest.com.co<\/a><\/td><td class=\"column-3\">okra restaurante<\/td><td class=\"column-4\">@restokra<\/td>\n<\/tr>\n<tr class=\"row-13\">\n\t<td class=\"column-1\">LOLA RESTAURANTE BAR<\/td><td class=\"column-2\"><a target=\"_blank\" href=\"http:\/\/www.lolarestaurantebar.com\" rel=\"nofollow\">http:\/\/www.lolarestaurantebar.com<\/a><\/td><td class=\"column-3\">lola restaurante bar<\/td><td class=\"column-4\">@lolarestbar<\/td>\n<\/tr>\n<tr class=\"row-14\">\n\t<td class=\"column-1\">CASA TUA<\/td><td class=\"column-2\"><a target=\"_blank\" href=\"http:\/\/www.clubsocialgastronomicocasatua.com\" rel=\"nofollow\">http:\/\/www.clubsocialgastronomicocasatua.com<\/a><\/td><td class=\"column-3\">casa tua club social<\/td><td class=\"column-4\">casa tua club social<\/td>\n<\/tr>\n<tr class=\"row-15\">\n\t<td class=\"column-1\">PERU BARRANQUILLA<\/td><td class=\"column-2\"><a target=\"_blank\" href=\"http:\/\/www.peruwork.com\" rel=\"nofollow\">http:\/\/www.peruwork.com<\/a><\/td><td class=\"column-3\">@peruwork<\/td><td class=\"column-4\">@peruwork<\/td>\n<\/tr>\n<tr class=\"row-16\">\n\t<td class=\"column-1\">LA MATRIARCA<\/td><td class=\"column-2\"><a target=\"_blank\" href=\"http:\/\/www.lamatriarca.com.co\" rel=\"nofollow\">http:\/\/www.lamatriarca.com.co<\/a>\t<\/td><td class=\"column-3\">restaurantelamatriarca<\/td><td class=\"column-4\">restaurantelamatriarca<\/td>\n<\/tr>\n<tr class=\"row-17\">\n\t<td class=\"column-1\">LOS HIJOS DE SANCHO<\/td><td class=\"column-2\"><a target=\"_blank\" href=\"http:\/\/www.loshijosdesancho.com\" rel=\"nofollow\">http:\/\/www.loshijosdesancho.com<\/a><\/td><td class=\"column-3\"><\/td><td class=\"column-4\">Restaurante familiar Los hijos de Sancho<\/td>\n<\/tr>\n<\/tbody>\n<\/table>\n<!-- #tablepress-3 from cache -->\n","protected":false},"excerpt":{"rendered":"<p>Los mejores restaurantes del pa\u00eds donde puedes encontrar nuestros vinos est\u00e1n aqu\u00ed \u00a1Rico con vino, mejor con los de Novili!<\/p>\n","protected":false},"author":2,"featured_media":0,"parent":0,"menu_order":0,"comment_status":"closed","ping_status":"closed","template":"","meta":{"footnotes":""},"class_list":["post-3240","page","type-page","status-publish","hentry"],"yoast_head":"<!-- This site is optimized with the Yoast SEO plugin v27.3 - https:\/\/yoast.com\/product\/yoast-seo-wordpress\/ -->\n<title>Gu\u00eda de Restaurantes en Barranquilla - Blog N\u00f3vili<\/title>\n<meta name=\"robots\" content=\"index, follow, max-snippet:-1, max-image-preview:large, max-video-preview:-1\" \/>\n<link rel=\"canonical\" href=\"https:\/\/novili.com.co\/blog\/guia-de-restaurantes-en-barranquilla\/\" \/>\n<meta property=\"og:locale\" content=\"es_ES\" \/>\n<meta property=\"og:type\" content=\"article\" \/>\n<meta property=\"og:title\" content=\"Gu\u00eda de Restaurantes en Barranquilla - Blog N\u00f3vili\" \/>\n<meta property=\"og:description\" content=\"Los mejores restaurantes del pa\u00eds donde puedes encontrar nuestros vinos est\u00e1n aqu\u00ed \u00a1Rico con vino, mejor con los de Novili!\" \/>\n<meta property=\"og:url\" content=\"https:\/\/novili.com.co\/blog\/guia-de-restaurantes-en-barranquilla\/\" \/>\n<meta property=\"og:site_name\" content=\"Blog N\u00f3vili\" \/>\n<meta property=\"article:publisher\" content=\"https:\/\/www.facebook.com\/novili.brindamosjuntos\/\" \/>\n<meta property=\"article:modified_time\" content=\"2018-07-31T21:48:52+00:00\" \/>\n<meta name=\"twitter:card\" content=\"summary_large_image\" \/>\n<meta name=\"twitter:site\" content=\"@NoviliBrindamos\" \/>\n<script type=\"application\/ld+json\" class=\"yoast-schema-graph\">{\"@context\":\"https:\\\/\\\/schema.org\",\"@graph\":[{\"@type\":\"WebPage\",\"@id\":\"https:\\\/\\\/novili.com.co\\\/blog\\\/guia-de-restaurantes-en-barranquilla\\\/\",\"url\":\"https:\\\/\\\/novili.com.co\\\/blog\\\/guia-de-restaurantes-en-barranquilla\\\/\",\"name\":\"Gu\u00eda de Restaurantes en Barranquilla - Blog N\u00f3vili\",\"isPartOf\":{\"@id\":\"https:\\\/\\\/novili.com.co\\\/blog\\\/#website\"},\"datePublished\":\"2018-07-23T14:29:13+00:00\",\"dateModified\":\"2018-07-31T21:48:52+00:00\",\"breadcrumb\":{\"@id\":\"https:\\\/\\\/novili.com.co\\\/blog\\\/guia-de-restaurantes-en-barranquilla\\\/#breadcrumb\"},\"inLanguage\":\"es\",\"potentialAction\":[{\"@type\":\"ReadAction\",\"target\":[\"https:\\\/\\\/novili.com.co\\\/blog\\\/guia-de-restaurantes-en-barranquilla\\\/\"]}]},{\"@type\":\"BreadcrumbList\",\"@id\":\"https:\\\/\\\/novili.com.co\\\/blog\\\/guia-de-restaurantes-en-barranquilla\\\/#breadcrumb\",\"itemListElement\":[{\"@type\":\"ListItem\",\"position\":1,\"name\":\"Inicio\",\"item\":\"https:\\\/\\\/novili.com.co\\\/blog\\\/\"},{\"@type\":\"ListItem\",\"position\":2,\"name\":\"Gu\u00eda de Restaurantes en Barranquilla\"}]},{\"@type\":\"WebSite\",\"@id\":\"https:\\\/\\\/novili.com.co\\\/blog\\\/#website\",\"url\":\"https:\\\/\\\/novili.com.co\\\/blog\\\/\",\"name\":\"Blog N\u00f3vili\",\"description\":\"Un blog para aprender, descubrir y divertirse con lo mejor de los licores.\",\"potentialAction\":[{\"@type\":\"SearchAction\",\"target\":{\"@type\":\"EntryPoint\",\"urlTemplate\":\"https:\\\/\\\/novili.com.co\\\/blog\\\/?s={search_term_string}\"},\"query-input\":{\"@type\":\"PropertyValueSpecification\",\"valueRequired\":true,\"valueName\":\"search_term_string\"}}],\"inLanguage\":\"es\"}]}<\/script>\n<!-- \/ Yoast SEO plugin. -->","yoast_head_json":{"title":"Gu\u00eda de Restaurantes en Barranquilla - Blog N\u00f3vili","robots":{"index":"index","follow":"follow","max-snippet":"max-snippet:-1","max-image-preview":"max-image-preview:large","max-video-preview":"max-video-preview:-1"},"canonical":"https:\/\/novili.com.co\/blog\/guia-de-restaurantes-en-barranquilla\/","og_locale":"es_ES","og_type":"article","og_title":"Gu\u00eda de Restaurantes en Barranquilla - Blog N\u00f3vili","og_description":"Los mejores restaurantes del pa\u00eds donde puedes encontrar nuestros vinos est\u00e1n aqu\u00ed \u00a1Rico con vino, mejor con los de Novili!","og_url":"https:\/\/novili.com.co\/blog\/guia-de-restaurantes-en-barranquilla\/","og_site_name":"Blog N\u00f3vili","article_publisher":"https:\/\/www.facebook.com\/novili.brindamosjuntos\/","article_modified_time":"2018-07-31T21:48:52+00:00","twitter_card":"summary_large_image","twitter_site":"@NoviliBrindamos","schema":{"@context":"https:\/\/schema.org","@graph":[{"@type":"WebPage","@id":"https:\/\/novili.com.co\/blog\/guia-de-restaurantes-en-barranquilla\/","url":"https:\/\/novili.com.co\/blog\/guia-de-restaurantes-en-barranquilla\/","name":"Gu\u00eda de Restaurantes en Barranquilla - Blog N\u00f3vili","isPartOf":{"@id":"https:\/\/novili.com.co\/blog\/#website"},"datePublished":"2018-07-23T14:29:13+00:00","dateModified":"2018-07-31T21:48:52+00:00","breadcrumb":{"@id":"https:\/\/novili.com.co\/blog\/guia-de-restaurantes-en-barranquilla\/#breadcrumb"},"inLanguage":"es","potentialAction":[{"@type":"ReadAction","target":["https:\/\/novili.com.co\/blog\/guia-de-restaurantes-en-barranquilla\/"]}]},{"@type":"BreadcrumbList","@id":"https:\/\/novili.com.co\/blog\/guia-de-restaurantes-en-barranquilla\/#breadcrumb","itemListElement":[{"@type":"ListItem","position":1,"name":"Inicio","item":"https:\/\/novili.com.co\/blog\/"},{"@type":"ListItem","position":2,"name":"Gu\u00eda de Restaurantes en Barranquilla"}]},{"@type":"WebSite","@id":"https:\/\/novili.com.co\/blog\/#website","url":"https:\/\/novili.com.co\/blog\/","name":"Blog N\u00f3vili","description":"Un blog para aprender, descubrir y divertirse con lo mejor de los licores.","potentialAction":[{"@type":"SearchAction","target":{"@type":"EntryPoint","urlTemplate":"https:\/\/novili.com.co\/blog\/?s={search_term_string}"},"query-input":{"@type":"PropertyValueSpecification","valueRequired":true,"valueName":"search_term_string"}}],"inLanguage":"es"}]}},"_links":{"self":[{"href":"https:\/\/novili.com.co\/blog\/wp-json\/wp\/v2\/pages\/3240","targetHints":{"allow":["GET"]}}],"collection":[{"href":"https:\/\/novili.com.co\/blog\/wp-json\/wp\/v2\/pages"}],"about":[{"href":"https:\/\/novili.com.co\/blog\/wp-json\/wp\/v2\/types\/page"}],"author":[{"embeddable":true,"href":"https:\/\/novili.com.co\/blog\/wp-json\/wp\/v2\/users\/2"}],"replies":[{"embeddable":true,"href":"https:\/\/novili.com.co\/blog\/wp-json\/wp\/v2\/comments?post=3240"}],"version-history":[{"count":5,"href":"https:\/\/novili.com.co\/blog\/wp-json\/wp\/v2\/pages\/3240\/revisions"}],"predecessor-version":[{"id":3359,"href":"https:\/\/novili.com.co\/blog\/wp-json\/wp\/v2\/pages\/3240\/revisions\/3359"}],"wp:attachment":[{"href":"https:\/\/novili.com.co\/blog\/wp-json\/wp\/v2\/media?parent=3240"}],"curies":[{"name":"wp","href":"https:\/\/api.w.org\/{rel}","templated":true}]}}