{"id":3238,"date":"2018-07-23T09:28:16","date_gmt":"2018-07-23T14:28:16","guid":{"rendered":"https:\/\/novili.com.co\/blog\/?page_id=3238"},"modified":"2018-07-31T16:50:15","modified_gmt":"2018-07-31T21:50:15","slug":"guia-de-restaurantes-en-pereira","status":"publish","type":"page","link":"https:\/\/novili.com.co\/blog\/guia-de-restaurantes-en-pereira\/","title":{"rendered":"Gu\u00eda de Restaurantes en Pereira"},"content":{"rendered":"<p style=\"font-size: 1.2em; line-height: normal; text-align: center;margin-bottom:50px;\">Los mejores restaurantes del pa\u00eds donde puedes encontrar nuestros vinos est\u00e1n aqu\u00ed \u00a1Rico con vino, mejor con los de Novili!<\/p>\n\n<table id=\"tablepress-4\" class=\"tablepress tablepress-id-4 tablepress-responsive\">\n<thead>\n<tr class=\"row-1\">\n\t<th class=\"column-1\">RESTAURANTE \/ BAR<\/th><th class=\"column-2\">DIRECCI\u00d3N<\/th><th class=\"column-3\">TEL\u00c9FONO<\/th><th class=\"column-4\">SITIO WEB<\/th><th class=\"column-5\">E-MAIL<\/th><th class=\"column-6\">REDES<\/th>\n<\/tr>\n<\/thead>\n<tbody class=\"row-striping row-hover\">\n<tr class=\"row-2\">\n\t<td class=\"column-1\">Restaurante Summo<\/td><td class=\"column-2\">Carrera 13 #12-59 Circunvalar<\/td><td class=\"column-3\">(606) 3386992<\/td><td class=\"column-4\">sumorestaurante.co<\/td><td class=\"column-5\"><a style=\"color:#FF0000\"; href=\"mailto:sumoreservas@gmail.com\">sumoreservas@gmail.com<\/a><\/td><td class=\"column-6\">@sumococinaorientada<\/td>\n<\/tr>\n<tr class=\"row-3\">\n\t<td class=\"column-1\">Restaurante Le\u0096os &amp; Parrilla<\/td><td class=\"column-2\">Carrera 12 # 2-78 Popular Modelo<\/td><td class=\"column-3\">(606) 3278551<\/td><td class=\"column-4\">lenosyparrilla.co\/<\/td><td class=\"column-5\"><a style=\"color:#FF0000\"; href=\"mailto:reservas@lenosyparrilla.com\">reservas@lenosyparrilla.com<\/a><\/td><td class=\"column-6\">@LenosYParrilla<\/td>\n<\/tr>\n<tr class=\"row-4\">\n\t<td class=\"column-1\">Restaurante Don Ramon<\/td><td class=\"column-2\">Av. Circunvalar 4 - 10 esquina<\/td><td class=\"column-3\">(606) 311 0297<\/td><td class=\"column-4\">masqueunburro.com\/<\/td><td class=\"column-5\"><a style=\"color:#FF0000\"; href=\"mailto:auxiliar.donramon@gmail.com\">auxiliar.donramon@gmail.com<\/a><\/td><td class=\"column-6\">donramonmasqueunburro<\/td>\n<\/tr>\n<tr class=\"row-5\">\n\t<td class=\"column-1\">Restaurante El Secreto Espa\u0096ol<\/td><td class=\"column-2\">Cl. 10 Bis # 15-09, Alpes<\/td><td class=\"column-3\">3102540914<\/td><td class=\"column-4\">-<\/td><td class=\"column-5\"><a style=\"color:#FF0000\"; href=\"mailto:secretoespanol@gmail.com\">secretoespanol@gmail.com<\/a><\/td><td class=\"column-6\">@secretoespanol\u00ca<\/td>\n<\/tr>\n<tr class=\"row-6\">\n\t<td class=\"column-1\">Sky Lounge Restaurante &amp; Bar<\/td><td class=\"column-2\">Cra. 7 #19-20, Parque Bolivar<\/td><td class=\"column-3\">(606) 3358650 - 3175946061<\/td><td class=\"column-4\"><a target=\"_blank\" href=\"http:\/\/www.hotelsoratama.com\/\" rel=\"nofollow\">http:\/\/www.hotelsoratama.com\/<\/a><\/td><td class=\"column-5\"><a style=\"color:#FF0000\"; href=\"mailto:reservas@hotelsoratama.com\">reservas@hotelsoratama.com<\/a><\/td><td class=\"column-6\">@hotelsoratamapereira\u00ca<\/td>\n<\/tr>\n<tr class=\"row-7\">\n\t<td class=\"column-1\">Restaurante Hwancaina Peru Fusion Food<\/td><td class=\"column-2\">C.C. Cerritos del Mar. V\u0092a Pereira \u00d0 Cerritos, 200 mt. despu\u008es de la iglesia de Cerritos, al lado del ara<\/td><td class=\"column-3\">(606) 3247537 - 3233023861<\/td><td class=\"column-4\">-<\/td><td class=\"column-5\"><a style=\"color:#FF0000\"; href=\"mailto:hwancaina@gmail.com\">hwancaina@gmail.com<\/a><\/td><td class=\"column-6\">@Hwancaina\u00ca<\/td>\n<\/tr>\n<tr class=\"row-8\">\n\t<td class=\"column-1\">Restaurante El Correo y Amada<\/td><td class=\"column-2\">C.C. Cerritos del Mar. V\u0092a Pereira \u00d0 Cerritos, 200 mt. despu\u008es de la iglesia de Cerritos<\/td><td class=\"column-3\">(606) 3166133<\/td><td class=\"column-4\">-<\/td><td class=\"column-5\"><a style=\"color:#FF0000\"; href=\"mailto:elcorreoyamada@gmail.com\">elcorreoyamada@gmail.com<\/a><\/td><td class=\"column-6\">elcorreoyamada<\/td>\n<\/tr>\n<tr class=\"row-9\">\n\t<td class=\"column-1\">Restaurante Zakani Cocina Nikkei-Sushi Bar<\/td><td class=\"column-2\">C.C. Cerritos del Mar. V\u0092a Pereira \u00d0 Cerritos, 200 mt. despu\u008es de la iglesia de Cerritos local 12 y 13,<\/td><td class=\"column-3\">(606) 3130047 - 3003079722<\/td><td class=\"column-4\">-<\/td><td class=\"column-5\"><a style=\"color:#FF0000\"; href=\"mailto:restaurantezakani@gmail.com\">restaurantezakani@gmail.com<\/a><\/td><td class=\"column-6\">zakanirestaurante - Restaurante Zakani<\/td>\n<\/tr>\n<tr class=\"row-10\">\n\t<td class=\"column-1\">Restaurante El Olivo<\/td><td class=\"column-2\">C.C. Cerritos del Mar. V\u0092a Pereira \u00d0 Cerritos, 200 mt. despu\u008es de la iglesia de Cerritos<\/td><td class=\"column-3\">3177697572<\/td><td class=\"column-4\">-<\/td><td class=\"column-5\">-<\/td><td class=\"column-6\">elolivocerritos<\/td>\n<\/tr>\n<tr class=\"row-11\">\n\t<td class=\"column-1\">Restaurante Il Oliva<\/td><td class=\"column-2\">C.C. Cerritos del Mar. V\u0092a Pereira \u00d0 Cerritos, 200 mt. despu\u008es de la iglesia de Cerritos<\/td><td class=\"column-3\">3154357377<\/td><td class=\"column-4\">-<\/td><td class=\"column-5\">-<\/td><td class=\"column-6\">iloliva<\/td>\n<\/tr>\n<tr class=\"row-12\">\n\t<td class=\"column-1\">Restaurante Kanka Peru<\/td><td class=\"column-2\">C.C. Cerritos del Mar. V\u0092a Pereira \u00d0 Cerritos, 200 mt. despu\u008es de la iglesia de Cerritos local 7<\/td><td class=\"column-3\">3226521751<\/td><td class=\"column-4\">kankaperu.com\/<\/td><td class=\"column-5\">-<\/td><td class=\"column-6\">-<\/td>\n<\/tr>\n<tr class=\"row-13\">\n\t<td class=\"column-1\">EcoTerrmales San Vicente<\/td><td class=\"column-2\">Kil\u0097metro 17 vereda Potreros<br \/>\nV\u0092a Laguna del Ot\u009cn y Parque Nacional Natural los Nevados<br \/>\nSanta Rosa de Cabal<\/td><td class=\"column-3\">3104670639<\/td><td class=\"column-4\">sanvicente.com.co<\/td><td class=\"column-5\"><a style=\"color:#FF0000\"; href=\"mailto:contacto@sanvicente.com.co\">contacto@sanvicente.com.co<\/a><\/td><td class=\"column-6\">-<\/td>\n<\/tr>\n<tr class=\"row-14\">\n\t<td class=\"column-1\">Patrono Food Hall<\/td><td class=\"column-2\">Cra. 27 #11-52, Alamos<\/td><td class=\"column-3\">3207468567<\/td><td class=\"column-4\">-<\/td><td class=\"column-5\">-<\/td><td class=\"column-6\">patronofoodhallpereira<\/td>\n<\/tr>\n<\/tbody>\n<\/table>\n<!-- #tablepress-4 from cache -->\n","protected":false},"excerpt":{"rendered":"<p>Los mejores restaurantes del pa\u00eds donde puedes encontrar nuestros vinos est\u00e1n aqu\u00ed \u00a1Rico con vino, mejor con los de Novili!<\/p>\n","protected":false},"author":2,"featured_media":0,"parent":0,"menu_order":0,"comment_status":"closed","ping_status":"closed","template":"","meta":{"footnotes":""},"class_list":["post-3238","page","type-page","status-publish","hentry"],"yoast_head":"<!-- This site is optimized with the Yoast SEO plugin v27.3 - https:\/\/yoast.com\/product\/yoast-seo-wordpress\/ -->\n<title>Gu\u00eda de Restaurantes en Pereira - Blog N\u00f3vili<\/title>\n<meta name=\"robots\" content=\"index, follow, max-snippet:-1, max-image-preview:large, max-video-preview:-1\" \/>\n<link rel=\"canonical\" href=\"https:\/\/novili.com.co\/blog\/guia-de-restaurantes-en-pereira\/\" \/>\n<meta property=\"og:locale\" content=\"es_ES\" \/>\n<meta property=\"og:type\" content=\"article\" \/>\n<meta property=\"og:title\" content=\"Gu\u00eda de Restaurantes en Pereira - Blog N\u00f3vili\" \/>\n<meta property=\"og:description\" content=\"Los mejores restaurantes del pa\u00eds donde puedes encontrar nuestros vinos est\u00e1n aqu\u00ed \u00a1Rico con vino, mejor con los de Novili!\" \/>\n<meta property=\"og:url\" content=\"https:\/\/novili.com.co\/blog\/guia-de-restaurantes-en-pereira\/\" \/>\n<meta property=\"og:site_name\" content=\"Blog N\u00f3vili\" \/>\n<meta property=\"article:publisher\" content=\"https:\/\/www.facebook.com\/novili.brindamosjuntos\/\" \/>\n<meta property=\"article:modified_time\" content=\"2018-07-31T21:50:15+00:00\" \/>\n<meta name=\"twitter:card\" content=\"summary_large_image\" \/>\n<meta name=\"twitter:site\" content=\"@NoviliBrindamos\" \/>\n<script type=\"application\/ld+json\" class=\"yoast-schema-graph\">{\"@context\":\"https:\\\/\\\/schema.org\",\"@graph\":[{\"@type\":\"WebPage\",\"@id\":\"https:\\\/\\\/novili.com.co\\\/blog\\\/guia-de-restaurantes-en-pereira\\\/\",\"url\":\"https:\\\/\\\/novili.com.co\\\/blog\\\/guia-de-restaurantes-en-pereira\\\/\",\"name\":\"Gu\u00eda de Restaurantes en Pereira - Blog N\u00f3vili\",\"isPartOf\":{\"@id\":\"https:\\\/\\\/novili.com.co\\\/blog\\\/#website\"},\"datePublished\":\"2018-07-23T14:28:16+00:00\",\"dateModified\":\"2018-07-31T21:50:15+00:00\",\"breadcrumb\":{\"@id\":\"https:\\\/\\\/novili.com.co\\\/blog\\\/guia-de-restaurantes-en-pereira\\\/#breadcrumb\"},\"inLanguage\":\"es\",\"potentialAction\":[{\"@type\":\"ReadAction\",\"target\":[\"https:\\\/\\\/novili.com.co\\\/blog\\\/guia-de-restaurantes-en-pereira\\\/\"]}]},{\"@type\":\"BreadcrumbList\",\"@id\":\"https:\\\/\\\/novili.com.co\\\/blog\\\/guia-de-restaurantes-en-pereira\\\/#breadcrumb\",\"itemListElement\":[{\"@type\":\"ListItem\",\"position\":1,\"name\":\"Inicio\",\"item\":\"https:\\\/\\\/novili.com.co\\\/blog\\\/\"},{\"@type\":\"ListItem\",\"position\":2,\"name\":\"Gu\u00eda de Restaurantes en Pereira\"}]},{\"@type\":\"WebSite\",\"@id\":\"https:\\\/\\\/novili.com.co\\\/blog\\\/#website\",\"url\":\"https:\\\/\\\/novili.com.co\\\/blog\\\/\",\"name\":\"Blog N\u00f3vili\",\"description\":\"Un blog para aprender, descubrir y divertirse con lo mejor de los licores.\",\"potentialAction\":[{\"@type\":\"SearchAction\",\"target\":{\"@type\":\"EntryPoint\",\"urlTemplate\":\"https:\\\/\\\/novili.com.co\\\/blog\\\/?s={search_term_string}\"},\"query-input\":{\"@type\":\"PropertyValueSpecification\",\"valueRequired\":true,\"valueName\":\"search_term_string\"}}],\"inLanguage\":\"es\"}]}<\/script>\n<!-- \/ Yoast SEO plugin. -->","yoast_head_json":{"title":"Gu\u00eda de Restaurantes en Pereira - Blog N\u00f3vili","robots":{"index":"index","follow":"follow","max-snippet":"max-snippet:-1","max-image-preview":"max-image-preview:large","max-video-preview":"max-video-preview:-1"},"canonical":"https:\/\/novili.com.co\/blog\/guia-de-restaurantes-en-pereira\/","og_locale":"es_ES","og_type":"article","og_title":"Gu\u00eda de Restaurantes en Pereira - Blog N\u00f3vili","og_description":"Los mejores restaurantes del pa\u00eds donde puedes encontrar nuestros vinos est\u00e1n aqu\u00ed \u00a1Rico con vino, mejor con los de Novili!","og_url":"https:\/\/novili.com.co\/blog\/guia-de-restaurantes-en-pereira\/","og_site_name":"Blog N\u00f3vili","article_publisher":"https:\/\/www.facebook.com\/novili.brindamosjuntos\/","article_modified_time":"2018-07-31T21:50:15+00:00","twitter_card":"summary_large_image","twitter_site":"@NoviliBrindamos","schema":{"@context":"https:\/\/schema.org","@graph":[{"@type":"WebPage","@id":"https:\/\/novili.com.co\/blog\/guia-de-restaurantes-en-pereira\/","url":"https:\/\/novili.com.co\/blog\/guia-de-restaurantes-en-pereira\/","name":"Gu\u00eda de Restaurantes en Pereira - Blog N\u00f3vili","isPartOf":{"@id":"https:\/\/novili.com.co\/blog\/#website"},"datePublished":"2018-07-23T14:28:16+00:00","dateModified":"2018-07-31T21:50:15+00:00","breadcrumb":{"@id":"https:\/\/novili.com.co\/blog\/guia-de-restaurantes-en-pereira\/#breadcrumb"},"inLanguage":"es","potentialAction":[{"@type":"ReadAction","target":["https:\/\/novili.com.co\/blog\/guia-de-restaurantes-en-pereira\/"]}]},{"@type":"BreadcrumbList","@id":"https:\/\/novili.com.co\/blog\/guia-de-restaurantes-en-pereira\/#breadcrumb","itemListElement":[{"@type":"ListItem","position":1,"name":"Inicio","item":"https:\/\/novili.com.co\/blog\/"},{"@type":"ListItem","position":2,"name":"Gu\u00eda de Restaurantes en Pereira"}]},{"@type":"WebSite","@id":"https:\/\/novili.com.co\/blog\/#website","url":"https:\/\/novili.com.co\/blog\/","name":"Blog N\u00f3vili","description":"Un blog para aprender, descubrir y divertirse con lo mejor de los licores.","potentialAction":[{"@type":"SearchAction","target":{"@type":"EntryPoint","urlTemplate":"https:\/\/novili.com.co\/blog\/?s={search_term_string}"},"query-input":{"@type":"PropertyValueSpecification","valueRequired":true,"valueName":"search_term_string"}}],"inLanguage":"es"}]}},"_links":{"self":[{"href":"https:\/\/novili.com.co\/blog\/wp-json\/wp\/v2\/pages\/3238","targetHints":{"allow":["GET"]}}],"collection":[{"href":"https:\/\/novili.com.co\/blog\/wp-json\/wp\/v2\/pages"}],"about":[{"href":"https:\/\/novili.com.co\/blog\/wp-json\/wp\/v2\/types\/page"}],"author":[{"embeddable":true,"href":"https:\/\/novili.com.co\/blog\/wp-json\/wp\/v2\/users\/2"}],"replies":[{"embeddable":true,"href":"https:\/\/novili.com.co\/blog\/wp-json\/wp\/v2\/comments?post=3238"}],"version-history":[{"count":5,"href":"https:\/\/novili.com.co\/blog\/wp-json\/wp\/v2\/pages\/3238\/revisions"}],"predecessor-version":[{"id":3363,"href":"https:\/\/novili.com.co\/blog\/wp-json\/wp\/v2\/pages\/3238\/revisions\/3363"}],"wp:attachment":[{"href":"https:\/\/novili.com.co\/blog\/wp-json\/wp\/v2\/media?parent=3238"}],"curies":[{"name":"wp","href":"https:\/\/api.w.org\/{rel}","templated":true}]}}