{"id":3233,"date":"2018-07-23T09:25:31","date_gmt":"2018-07-23T14:25:31","guid":{"rendered":"https:\/\/novili.com.co\/blog\/?page_id=3233"},"modified":"2018-07-31T16:49:54","modified_gmt":"2018-07-31T21:49:54","slug":"guia-de-restaurantes-en-cartagena","status":"publish","type":"page","link":"https:\/\/novili.com.co\/blog\/guia-de-restaurantes-en-cartagena\/","title":{"rendered":"Gu\u00eda de Restaurantes en Cartagena"},"content":{"rendered":"<p style=\"font-size: 1.2em; line-height: normal; text-align: center;margin-bottom:50px;\">Los mejores restaurantes del pa\u00eds donde puedes encontrar nuestros vinos est\u00e1n aqu\u00ed \u00a1Rico con vino, mejor con los de Novili!<\/p>\n\n<table id=\"tablepress-5\" class=\"tablepress tablepress-id-5 tablepress-responsive\">\n<thead>\n<tr class=\"row-1\">\n\t<th class=\"column-1\">RESTAURANTE \/ BAR<\/th><th class=\"column-2\">SITIO WEB<\/th><th class=\"column-3\">FACEBOOK<\/th><th class=\"column-4\">INSTAGRAM<\/th><th class=\"column-5\">TWITTER<\/th>\n<\/tr>\n<\/thead>\n<tbody class=\"row-striping row-hover\">\n<tr class=\"row-2\">\n\t<td class=\"column-1\">Bar Alquimico<\/td><td class=\"column-2\">-<\/td><td class=\"column-3\">-<\/td><td class=\"column-4\">alquimicoctg<\/td><td class=\"column-5\">-<\/td>\n<\/tr>\n<tr class=\"row-3\">\n\t<td class=\"column-1\">Bar del Arsenal<\/td><td class=\"column-2\">-<\/td><td class=\"column-3\">@elarsenal<\/td><td class=\"column-4\">elarsenalctg<\/td><td class=\"column-5\">-<\/td>\n<\/tr>\n<tr class=\"row-4\">\n\t<td class=\"column-1\">Bar el Baron<\/td><td class=\"column-2\">-<\/td><td class=\"column-3\">-<\/td><td class=\"column-4\">elbaroncafe<\/td><td class=\"column-5\">-<\/td>\n<\/tr>\n<tr class=\"row-5\">\n\t<td class=\"column-1\">Bar Maria<\/td><td class=\"column-2\">-<\/td><td class=\"column-3\">-<\/td><td class=\"column-4\">Restaurantemariacartagena<\/td><td class=\"column-5\">-<\/td>\n<\/tr>\n<tr class=\"row-6\">\n\t<td class=\"column-1\">Baru Playa<\/td><td class=\"column-2\"><a target=\"_blank\" href=\"http:\/\/www.baruplaya.com\" rel=\"nofollow\">http:\/\/www.baruplaya.com<\/a><\/td><td class=\"column-3\">-<\/td><td class=\"column-4\">baru.playa<\/td><td class=\"column-5\">-<\/td>\n<\/tr>\n<tr class=\"row-7\">\n\t<td class=\"column-1\">Bodega Bistro<\/td><td class=\"column-2\">-<\/td><td class=\"column-3\">-<\/td><td class=\"column-4\">labodegabistroctg<\/td><td class=\"column-5\">-<\/td>\n<\/tr>\n<tr class=\"row-8\">\n\t<td class=\"column-1\">Bohemia<\/td><td class=\"column-2\">-<\/td><td class=\"column-3\">@bohemiarestaurante<\/td><td class=\"column-4\">NO<\/td><td class=\"column-5\">-<\/td>\n<\/tr>\n<tr class=\"row-9\">\n\t<td class=\"column-1\">Capilla del Mar<\/td><td class=\"column-2\"><a target=\"_blank\" href=\"http:\/\/www.capilladelmar.com\" rel=\"nofollow\">http:\/\/www.capilladelmar.com<\/a><\/td><td class=\"column-3\">-<\/td><td class=\"column-4\">hotelcapilla<\/td><td class=\"column-5\">-<\/td>\n<\/tr>\n<tr class=\"row-10\">\n\t<td class=\"column-1\">Casa Blanca B y B<\/td><td class=\"column-2\">-<\/td><td class=\"column-3\">-<\/td><td class=\"column-4\">casablancabyb<\/td><td class=\"column-5\">-<\/td>\n<\/tr>\n<tr class=\"row-11\">\n\t<td class=\"column-1\">Casa Don Sancho<\/td><td class=\"column-2\">-<\/td><td class=\"column-3\">-<\/td><td class=\"column-4\">casadonsancho<\/td><td class=\"column-5\">-<\/td>\n<\/tr>\n<tr class=\"row-12\">\n\t<td class=\"column-1\">Casa Pizarro<\/td><td class=\"column-2\">-<\/td><td class=\"column-3\">-<\/td><td class=\"column-4\">casapizarrohotel<\/td><td class=\"column-5\">-<\/td>\n<\/tr>\n<tr class=\"row-13\">\n\t<td class=\"column-1\">Club de Pesca<\/td><td class=\"column-2\">-<\/td><td class=\"column-3\">@restauranteclubdepesca<\/td><td class=\"column-4\">-<\/td><td class=\"column-5\">-<\/td>\n<\/tr>\n<tr class=\"row-14\">\n\t<td class=\"column-1\">Cocina la Perla<\/td><td class=\"column-2\">-<\/td><td class=\"column-3\">-<\/td><td class=\"column-4\">laperlacartagena<\/td><td class=\"column-5\">-<\/td>\n<\/tr>\n<tr class=\"row-15\">\n\t<td class=\"column-1\">Cuzco Cartagena<\/td><td class=\"column-2\">-<\/td><td class=\"column-3\">-<\/td><td class=\"column-4\">restaurantecuzco<\/td><td class=\"column-5\">-<\/td>\n<\/tr>\n<tr class=\"row-16\">\n\t<td class=\"column-1\">Del Mar<\/td><td class=\"column-2\"><a target=\"_blank\" href=\"http:\/\/www.juandelmar.com\/\" rel=\"nofollow\">http:\/\/www.juandelmar.com\/<\/a><\/td><td class=\"column-3\">-<\/td><td class=\"column-4\">juandelmarcartagena<\/td><td class=\"column-5\">-<\/td>\n<\/tr>\n<tr class=\"row-17\">\n\t<td class=\"column-1\">Demente Tapas Bar<\/td><td class=\"column-2\">-<\/td><td class=\"column-3\">-<\/td><td class=\"column-4\">dementetapasbar<\/td><td class=\"column-5\">-<\/td>\n<\/tr>\n<tr class=\"row-18\">\n\t<td class=\"column-1\">Diva Pizzeria<\/td><td class=\"column-2\">-<\/td><td class=\"column-3\">-<\/td><td class=\"column-4\">ladivapizzeria<\/td><td class=\"column-5\">-<\/td>\n<\/tr>\n<tr class=\"row-19\">\n\t<td class=\"column-1\">EL Baluarte<\/td><td class=\"column-2\"><a href=\"mailto:eventos@grupodelsolsas.com\">eventos@grupodelsolsas.com<\/a><\/td><td class=\"column-3\">-<\/td><td class=\"column-4\">baluartesfj<\/td><td class=\"column-5\">-<\/td>\n<\/tr>\n<tr class=\"row-20\">\n\t<td class=\"column-1\">El Kilo<\/td><td class=\"column-2\"><\/td><td class=\"column-3\">-<\/td><td class=\"column-4\">elkilocartagena<\/td><td class=\"column-5\">-<\/td>\n<\/tr>\n<tr class=\"row-21\">\n\t<td class=\"column-1\">El Santisimo<\/td><td class=\"column-2\"><a target=\"_blank\" href=\"http:\/\/www.elsantisimo.com\" rel=\"nofollow\">http:\/\/www.elsantisimo.com<\/a><\/td><td class=\"column-3\">@restauranteelsantisimo<\/td><td class=\"column-4\">elsantisimorestaurante<\/td><td class=\"column-5\">-<\/td>\n<\/tr>\n<tr class=\"row-22\">\n\t<td class=\"column-1\">Harry Sazon<\/td><td class=\"column-2\">-<\/td><td class=\"column-3\">-<\/td><td class=\"column-4\">-<\/td><td class=\"column-5\">-<\/td>\n<\/tr>\n<tr class=\"row-23\">\n\t<td class=\"column-1\">Hotel Allure<\/td><td class=\"column-2\">-<\/td><td class=\"column-3\">-<\/td><td class=\"column-4\">allurehotels<\/td><td class=\"column-5\">-<\/td>\n<\/tr>\n<tr class=\"row-24\">\n\t<td class=\"column-1\">Hotel Boutique la Passion<\/td><td class=\"column-2\"><a target=\"_blank\" href=\"http:\/\/www.lapassionhotel.com\" rel=\"nofollow\">http:\/\/www.lapassionhotel.com<\/a><\/td><td class=\"column-3\">-<\/td><td class=\"column-4\">lapassionhotel<\/td><td class=\"column-5\">-<\/td>\n<\/tr>\n<tr class=\"row-25\">\n\t<td class=\"column-1\">Hotel Hyatt<\/td><td class=\"column-2\">-<\/td><td class=\"column-3\">-<\/td><td class=\"column-4\">hotelhyattregency<\/td><td class=\"column-5\">-<\/td>\n<\/tr>\n<tr class=\"row-26\">\n\t<td class=\"column-1\">Hotel Punto Faro<\/td><td class=\"column-2\"><a target=\"_blank\" href=\"http:\/\/www.puntafaro,com\/\" rel=\"nofollow\">http:\/\/www.puntafaro,com\/<\/a><\/td><td class=\"column-3\">-<\/td><td class=\"column-4\">puntafaro<\/td><td class=\"column-5\">-<\/td>\n<\/tr>\n<tr class=\"row-27\">\n\t<td class=\"column-1\">Hotel Radisson<\/td><td class=\"column-2\">-<\/td><td class=\"column-3\">-<\/td><td class=\"column-4\">radissoncartagena<\/td><td class=\"column-5\">-<\/td>\n<\/tr>\n<tr class=\"row-28\">\n\t<td class=\"column-1\">Hotel Santa Clara<\/td><td class=\"column-2\"><a target=\"_blank\" href=\"http:\/\/www.hotelsantaclara.com\" rel=\"nofollow\">http:\/\/www.hotelsantaclara.com<\/a><\/td><td class=\"column-3\">@sofitelsantaclaracartagena<\/td><td class=\"column-4\">sofitelcartagena<\/td><td class=\"column-5\">-<\/td>\n<\/tr>\n<tr class=\"row-29\">\n\t<td class=\"column-1\">La Cevicheria<\/td><td class=\"column-2\"><a target=\"_blank\" href=\"http:\/\/www.lacevicheriacartagena.com\" rel=\"nofollow\">http:\/\/www.lacevicheriacartagena.com<\/a><\/td><td class=\"column-3\">-<\/td><td class=\"column-4\">lacevicheriacartagena<\/td><td class=\"column-5\">-<\/td>\n<\/tr>\n<tr class=\"row-30\">\n\t<td class=\"column-1\">La Vid 21<\/td><td class=\"column-2\">-<\/td><td class=\"column-3\">-<\/td><td class=\"column-4\">lavid.21<\/td><td class=\"column-5\">-<\/td>\n<\/tr>\n<tr class=\"row-31\">\n\t<td class=\"column-1\">Lobo del Mar<\/td><td class=\"column-2\">-<\/td><td class=\"column-3\">-<\/td><td class=\"column-4\">lobodemarcartagena<\/td><td class=\"column-5\">-<\/td>\n<\/tr>\n<tr class=\"row-32\">\n\t<td class=\"column-1\">Mistura<\/td><td class=\"column-2\">-<\/td><td class=\"column-3\">-<\/td><td class=\"column-4\">misturarestaurantebar<\/td><td class=\"column-5\">-<\/td>\n<\/tr>\n<tr class=\"row-33\">\n\t<td class=\"column-1\">Perufusion<\/td><td class=\"column-2\"><a target=\"_blank\" href=\"http:\/\/www.perufusionrestaurante.com\" rel=\"nofollow\">http:\/\/www.perufusionrestaurante.com<\/a><\/td><td class=\"column-3\">-<\/td><td class=\"column-4\">perufusion<\/td><td class=\"column-5\">-<\/td>\n<\/tr>\n<tr class=\"row-34\">\n\t<td class=\"column-1\">Perumar<\/td><td class=\"column-2\">-<\/td><td class=\"column-3\">-<\/td><td class=\"column-4\">perumarctg<\/td><td class=\"column-5\">-<\/td>\n<\/tr>\n<tr class=\"row-35\">\n\t<td class=\"column-1\">Res La Vitrola<\/td><td class=\"column-2\">-<\/td><td class=\"column-3\">-<\/td><td class=\"column-4\">lavitrola<\/td><td class=\"column-5\">-<\/td>\n<\/tr>\n<tr class=\"row-36\">\n\t<td class=\"column-1\">Rest Carmen<\/td><td class=\"column-2\"><a target=\"_blank\" href=\"http:\/\/www.carmenrestaurante.com.co\" rel=\"nofollow\">http:\/\/www.carmenrestaurante.com.co<\/a><\/td><td class=\"column-3\">-<\/td><td class=\"column-4\">carmenrestaurante<\/td><td class=\"column-5\">-<\/td>\n<\/tr>\n<tr class=\"row-37\">\n\t<td class=\"column-1\">Rest Don Juan<\/td><td class=\"column-2\">-<\/td><td class=\"column-3\">-<\/td><td class=\"column-4\">restaurantedonjuan<\/td><td class=\"column-5\">-<\/td>\n<\/tr>\n<tr class=\"row-38\">\n\t<td class=\"column-1\">Rest La Langosta<\/td><td class=\"column-2\">-<\/td><td class=\"column-3\">-<\/td><td class=\"column-4\">langostacartagena<\/td><td class=\"column-5\">-<\/td>\n<\/tr>\n<tr class=\"row-39\">\n\t<td class=\"column-1\">Rest Moshi<\/td><td class=\"column-2\">-<\/td><td class=\"column-3\">-<\/td><td class=\"column-4\">moshico.colombia<\/td><td class=\"column-5\">-<\/td>\n<\/tr>\n<tr class=\"row-40\">\n\t<td class=\"column-1\">Rest Quebracho<\/td><td class=\"column-2\">-<\/td><td class=\"column-3\">-<\/td><td class=\"column-4\">quebrachorestaurante<\/td><td class=\"column-5\">-<\/td>\n<\/tr>\n<tr class=\"row-41\">\n\t<td class=\"column-1\">Rest San Pedro<\/td><td class=\"column-2\">-<\/td><td class=\"column-3\">-<\/td><td class=\"column-4\">restaurantesanpedro<\/td><td class=\"column-5\">-<\/td>\n<\/tr>\n<tr class=\"row-42\">\n\t<td class=\"column-1\">Restaurante Amaretto<\/td><td class=\"column-2\">-<\/td><td class=\"column-3\">@amarettorestaurantepizeria<\/td><td class=\"column-4\">amarettorestaurantepizzeria<\/td><td class=\"column-5\">-<\/td>\n<\/tr>\n<tr class=\"row-43\">\n\t<td class=\"column-1\">Restaurante Arabe<\/td><td class=\"column-2\">-<\/td><td class=\"column-3\">-<\/td><td class=\"column-4\">rest_arabe_ctg<\/td><td class=\"column-5\">-<\/td>\n<\/tr>\n<tr class=\"row-44\">\n\t<td class=\"column-1\">Restaurante Arrabal<\/td><td class=\"column-2\"><a target=\"_blank\" href=\"http:\/\/www.arrabalgastrobar.com\" rel=\"nofollow\">http:\/\/www.arrabalgastrobar.com<\/a><\/td><td class=\"column-3\">-<\/td><td class=\"column-4\">arrabalgastrobar<\/td><td class=\"column-5\">-<\/td>\n<\/tr>\n<tr class=\"row-45\">\n\t<td class=\"column-1\">Restaurante Erre<\/td><td class=\"column-2\">-<\/td><td class=\"column-3\">@errederamonfreixa<\/td><td class=\"column-4\">-<\/td><td class=\"column-5\">-<\/td>\n<\/tr>\n<tr class=\"row-46\">\n\t<td class=\"column-1\">Restaurante Gobernador<\/td><td class=\"column-2\"><\/td><td class=\"column-3\">-<\/td><td class=\"column-4\">elgobernadorbyrausch<\/td><td class=\"column-5\">-<\/td>\n<\/tr>\n<tr class=\"row-47\">\n\t<td class=\"column-1\">Restaurante Mangata<\/td><td class=\"column-2\">-<\/td><td class=\"column-3\">-<\/td><td class=\"column-4\">mangatacartagena<\/td><td class=\"column-5\">-<\/td>\n<\/tr>\n<tr class=\"row-48\">\n\t<td class=\"column-1\">Restaurante Marea<\/td><td class=\"column-2\">-<\/td><td class=\"column-3\">-<\/td><td class=\"column-4\">mareabyrausch<\/td><td class=\"column-5\">-<\/td>\n<\/tr>\n<tr class=\"row-49\">\n\t<td class=\"column-1\">Restaurante Miyagi<\/td><td class=\"column-2\">-<\/td><td class=\"column-3\">-<\/td><td class=\"column-4\">miyagiboom<\/td><td class=\"column-5\">-<\/td>\n<\/tr>\n<tr class=\"row-50\">\n\t<td class=\"column-1\">San Sebastian Pastelillo<\/td><td class=\"column-2\">-<\/td><td class=\"column-3\">-<\/td><td class=\"column-4\">-<\/td><td class=\"column-5\">-<\/td>\n<\/tr>\n<tr class=\"row-51\">\n\t<td class=\"column-1\">Therassi Hotel Spa<\/td><td class=\"column-2\"><a target=\"_blank\" href=\"http:\/\/www.tcherassihotels.com\" rel=\"nofollow\">http:\/\/www.tcherassihotels.com<\/a><\/td><td class=\"column-3\">-<\/td><td class=\"column-4\">tcherassihotel<\/td><td class=\"column-5\">-<\/td>\n<\/tr>\n<\/tbody>\n<\/table>\n<!-- #tablepress-5 from cache -->\n","protected":false},"excerpt":{"rendered":"<p>Los mejores restaurantes del pa\u00eds donde puedes encontrar nuestros vinos est\u00e1n aqu\u00ed \u00a1Rico con vino, mejor con los de Novili!<\/p>\n","protected":false},"author":2,"featured_media":0,"parent":0,"menu_order":0,"comment_status":"closed","ping_status":"closed","template":"","meta":{"footnotes":""},"class_list":["post-3233","page","type-page","status-publish","hentry"],"yoast_head":"<!-- This site is optimized with the Yoast SEO plugin v27.3 - https:\/\/yoast.com\/product\/yoast-seo-wordpress\/ -->\n<title>Gu\u00eda de Restaurantes en Cartagena - Blog N\u00f3vili<\/title>\n<meta name=\"robots\" content=\"index, follow, max-snippet:-1, max-image-preview:large, max-video-preview:-1\" \/>\n<link rel=\"canonical\" href=\"https:\/\/novili.com.co\/blog\/guia-de-restaurantes-en-cartagena\/\" \/>\n<meta property=\"og:locale\" content=\"es_ES\" \/>\n<meta property=\"og:type\" content=\"article\" \/>\n<meta property=\"og:title\" content=\"Gu\u00eda de Restaurantes en Cartagena - Blog N\u00f3vili\" \/>\n<meta property=\"og:description\" content=\"Los mejores restaurantes del pa\u00eds donde puedes encontrar nuestros vinos est\u00e1n aqu\u00ed \u00a1Rico con vino, mejor con los de Novili!\" \/>\n<meta property=\"og:url\" content=\"https:\/\/novili.com.co\/blog\/guia-de-restaurantes-en-cartagena\/\" \/>\n<meta property=\"og:site_name\" content=\"Blog N\u00f3vili\" \/>\n<meta property=\"article:publisher\" content=\"https:\/\/www.facebook.com\/novili.brindamosjuntos\/\" \/>\n<meta property=\"article:modified_time\" content=\"2018-07-31T21:49:54+00:00\" \/>\n<meta name=\"twitter:card\" content=\"summary_large_image\" \/>\n<meta name=\"twitter:site\" content=\"@NoviliBrindamos\" \/>\n<script type=\"application\/ld+json\" class=\"yoast-schema-graph\">{\"@context\":\"https:\\\/\\\/schema.org\",\"@graph\":[{\"@type\":\"WebPage\",\"@id\":\"https:\\\/\\\/novili.com.co\\\/blog\\\/guia-de-restaurantes-en-cartagena\\\/\",\"url\":\"https:\\\/\\\/novili.com.co\\\/blog\\\/guia-de-restaurantes-en-cartagena\\\/\",\"name\":\"Gu\u00eda de Restaurantes en Cartagena - Blog N\u00f3vili\",\"isPartOf\":{\"@id\":\"https:\\\/\\\/novili.com.co\\\/blog\\\/#website\"},\"datePublished\":\"2018-07-23T14:25:31+00:00\",\"dateModified\":\"2018-07-31T21:49:54+00:00\",\"breadcrumb\":{\"@id\":\"https:\\\/\\\/novili.com.co\\\/blog\\\/guia-de-restaurantes-en-cartagena\\\/#breadcrumb\"},\"inLanguage\":\"es\",\"potentialAction\":[{\"@type\":\"ReadAction\",\"target\":[\"https:\\\/\\\/novili.com.co\\\/blog\\\/guia-de-restaurantes-en-cartagena\\\/\"]}]},{\"@type\":\"BreadcrumbList\",\"@id\":\"https:\\\/\\\/novili.com.co\\\/blog\\\/guia-de-restaurantes-en-cartagena\\\/#breadcrumb\",\"itemListElement\":[{\"@type\":\"ListItem\",\"position\":1,\"name\":\"Inicio\",\"item\":\"https:\\\/\\\/novili.com.co\\\/blog\\\/\"},{\"@type\":\"ListItem\",\"position\":2,\"name\":\"Gu\u00eda de Restaurantes en Cartagena\"}]},{\"@type\":\"WebSite\",\"@id\":\"https:\\\/\\\/novili.com.co\\\/blog\\\/#website\",\"url\":\"https:\\\/\\\/novili.com.co\\\/blog\\\/\",\"name\":\"Blog N\u00f3vili\",\"description\":\"Un blog para aprender, descubrir y divertirse con lo mejor de los licores.\",\"potentialAction\":[{\"@type\":\"SearchAction\",\"target\":{\"@type\":\"EntryPoint\",\"urlTemplate\":\"https:\\\/\\\/novili.com.co\\\/blog\\\/?s={search_term_string}\"},\"query-input\":{\"@type\":\"PropertyValueSpecification\",\"valueRequired\":true,\"valueName\":\"search_term_string\"}}],\"inLanguage\":\"es\"}]}<\/script>\n<!-- \/ Yoast SEO plugin. -->","yoast_head_json":{"title":"Gu\u00eda de Restaurantes en Cartagena - Blog N\u00f3vili","robots":{"index":"index","follow":"follow","max-snippet":"max-snippet:-1","max-image-preview":"max-image-preview:large","max-video-preview":"max-video-preview:-1"},"canonical":"https:\/\/novili.com.co\/blog\/guia-de-restaurantes-en-cartagena\/","og_locale":"es_ES","og_type":"article","og_title":"Gu\u00eda de Restaurantes en Cartagena - Blog N\u00f3vili","og_description":"Los mejores restaurantes del pa\u00eds donde puedes encontrar nuestros vinos est\u00e1n aqu\u00ed \u00a1Rico con vino, mejor con los de Novili!","og_url":"https:\/\/novili.com.co\/blog\/guia-de-restaurantes-en-cartagena\/","og_site_name":"Blog N\u00f3vili","article_publisher":"https:\/\/www.facebook.com\/novili.brindamosjuntos\/","article_modified_time":"2018-07-31T21:49:54+00:00","twitter_card":"summary_large_image","twitter_site":"@NoviliBrindamos","schema":{"@context":"https:\/\/schema.org","@graph":[{"@type":"WebPage","@id":"https:\/\/novili.com.co\/blog\/guia-de-restaurantes-en-cartagena\/","url":"https:\/\/novili.com.co\/blog\/guia-de-restaurantes-en-cartagena\/","name":"Gu\u00eda de Restaurantes en Cartagena - Blog N\u00f3vili","isPartOf":{"@id":"https:\/\/novili.com.co\/blog\/#website"},"datePublished":"2018-07-23T14:25:31+00:00","dateModified":"2018-07-31T21:49:54+00:00","breadcrumb":{"@id":"https:\/\/novili.com.co\/blog\/guia-de-restaurantes-en-cartagena\/#breadcrumb"},"inLanguage":"es","potentialAction":[{"@type":"ReadAction","target":["https:\/\/novili.com.co\/blog\/guia-de-restaurantes-en-cartagena\/"]}]},{"@type":"BreadcrumbList","@id":"https:\/\/novili.com.co\/blog\/guia-de-restaurantes-en-cartagena\/#breadcrumb","itemListElement":[{"@type":"ListItem","position":1,"name":"Inicio","item":"https:\/\/novili.com.co\/blog\/"},{"@type":"ListItem","position":2,"name":"Gu\u00eda de Restaurantes en Cartagena"}]},{"@type":"WebSite","@id":"https:\/\/novili.com.co\/blog\/#website","url":"https:\/\/novili.com.co\/blog\/","name":"Blog N\u00f3vili","description":"Un blog para aprender, descubrir y divertirse con lo mejor de los licores.","potentialAction":[{"@type":"SearchAction","target":{"@type":"EntryPoint","urlTemplate":"https:\/\/novili.com.co\/blog\/?s={search_term_string}"},"query-input":{"@type":"PropertyValueSpecification","valueRequired":true,"valueName":"search_term_string"}}],"inLanguage":"es"}]}},"_links":{"self":[{"href":"https:\/\/novili.com.co\/blog\/wp-json\/wp\/v2\/pages\/3233","targetHints":{"allow":["GET"]}}],"collection":[{"href":"https:\/\/novili.com.co\/blog\/wp-json\/wp\/v2\/pages"}],"about":[{"href":"https:\/\/novili.com.co\/blog\/wp-json\/wp\/v2\/types\/page"}],"author":[{"embeddable":true,"href":"https:\/\/novili.com.co\/blog\/wp-json\/wp\/v2\/users\/2"}],"replies":[{"embeddable":true,"href":"https:\/\/novili.com.co\/blog\/wp-json\/wp\/v2\/comments?post=3233"}],"version-history":[{"count":5,"href":"https:\/\/novili.com.co\/blog\/wp-json\/wp\/v2\/pages\/3233\/revisions"}],"predecessor-version":[{"id":3362,"href":"https:\/\/novili.com.co\/blog\/wp-json\/wp\/v2\/pages\/3233\/revisions\/3362"}],"wp:attachment":[{"href":"https:\/\/novili.com.co\/blog\/wp-json\/wp\/v2\/media?parent=3233"}],"curies":[{"name":"wp","href":"https:\/\/api.w.org\/{rel}","templated":true}]}}